 f. Calculate the highest common factor of l and i.
9
Let n be 4/14 + (-738)/(-63). Calculate the highest common factor of 24 and n.
12
Let c = -23 + 26. What is the highest common divisor of 21 and c?
3
Let f = -15 - -35. What is the highest common divisor of 4 and f?
4
Suppose 0 = 5*s - 132 + 37. Calculate the greatest common factor of s and 171.
19
Suppose -2*d + d = -162. Calculate the highest common factor of 18 and d.
18
Let v be (-76)/(-16) - (-2)/8. Calculate the greatest common factor of v and 25.
5
Suppose -3*p + 0*b + 209 = b, p + b - 69 = 0. What is the greatest common divisor of p and 7?
7
Suppose 0*g + 8 = 2*g. Suppose 0 = -3*a - 4*m + 128, 2*a - 6*a + 181 = -5*m. What is the greatest common factor of a and g?
4
Suppose -f - 52 = -3*b, 2*f = b - f - 12. What is the greatest common divisor of b and 27?
9
Let i = 6 - 4. Suppose 0*r - 2*r = -f - 35, 4*f = -12. Calculate the highest common divisor of r and i.
2
Let g(m) = 2*m**3 - 4*m**2 + 2*m - 1. Let p be g(3). Let x = p - 13. What is the greatest common factor of 90 and x?
10
Let z = -2 + 4. Suppose -9 = 3*h, -x = -6*h + z*h - 228. What is the highest common divisor of 27 and x?
27
Let r be -2 + (1 - -1) + 3. What is the greatest common divisor of 3 and r?
3
Let z = 13 + -11. Suppose -4*f + 12 = 0, -z*i = -5*f + 8 - 35. What is the highest common divisor of i and 7?
7
Let m(y) = y**3 + 12*y**2 + 19*y - 2. Let v be m(-10). Calculate the highest common factor of v and 28.
4
Let y be (-4)/6 - (-320)/30. Calculate the greatest common divisor of 30 and y.
10
Let y(r) = 16*r - 4. Let s be y(2). Suppose 20 = -23*i + s*i. Calculate the greatest common factor of i and 16.
4
Suppose 5 = -4*r - 7. Let w(i) = i**2 - 3*i - 2. Let s be w(r). Calculate the highest common divisor of 64 and s.
16
Suppose 10 = -2*d - q + 40, -3*d - 2*q + 45 = 0. Suppose -5 = 5*m + 45. Let a = m + 16. What is the highest common divisor of a and d?
3
Suppose -29*p + 204 = -31*p. Let u = -46 - p. What is the highest common divisor of 14 and u?
14
Let k be 1/(2/198*3). What is the highest common factor of 3 and k?
3
Let s = -21 + 32. Calculate the highest common factor of s and 88.
11
Let t(z) = -12*z + 6. Let q be t(-2). What is the highest common factor of q and 120?
30
Let r = -148 + 75. Suppose 3*s - 5*s + 12 = -l, -5 = -s + l. Let j = s - r. Calculate the highest common factor of 10 and j.
10
Let o be (4 + -9)*3/(-5). Suppose 360 = m + o*m. Calculate the highest common factor of 9 and m.
9
Let c be 10*2/(1 + 1). What is the highest common factor of 130 and c?
10
Let v(s) = s**3 - 8*s**2 + 7*s + 1. Let w be v(8). Calculate the greatest common factor of 38 and w.
19
Let w(a) = a**2 + 14*a - 9. Let s be w(-15). Calculate the highest common factor of 30 and s.
6
Let r = -5 - -8. Suppose -r = -0*b - b. Calculate the greatest common factor of 27 and b.
3
Suppose m = -b + 25, 2*m + 3*m - 129 = -3*b. Calculate the highest common divisor of m and 1.
1
Let z = 29 + -17. Let y = -6 - -30. What is the greatest common divisor of y and z?
12
Suppose 79 = 4*a + 23. Suppose -3*d + d = -a. Let p(c) = 9*c - 2. Let y be p(1). Calculate the greatest common divisor of d and y.
7
Let b(x) be the third derivative of -x**5/60 - 11*x**4/24 + x**3/3 + 2*x**2. Let l be b(-6). What is the greatest common factor of 48 and l?
16
Suppose 4*p - 84 = 3*o, -2*p - o + 68 = 4*o. Let g = -5 + 11. Suppose g*m - m = 20, m = -4*s + 68. What is the highest common factor of s and p?
8
Suppose -4*d = -5 - 331. Suppose u - 5*u = -d. What is the greatest common divisor of 21 and u?
21
Suppose -104 = -6*l - 32. Calculate the highest common divisor of l and 24.
12
Suppose -2*u + 3*p + 17 = 0, -p - 3 = -0*p. Let x = -7 + 11. What is the highest common factor of u and x?
4
Suppose 0 = -3*g + 2*z + 72 - 22, 0 = -3*g + 5*z + 35. What is the greatest common factor of 50 and g?
10
Let n = -206 - -404. What is the highest common factor of 18 and n?
18
Let p be 10 - (3 - (2 + -1)). Suppose j - 11 = -5*i, 2*i - p = -2*j - 2*j. Let n be 3 + -2 + i + -1. What is the greatest common divisor of n and 14?
2
Suppose 19 - 1 = 3*o. Suppose -2*z - 1 + o = 3*f, z + 3*f = 4. Calculate the greatest common divisor of 4 and z.
1
Suppose 3*b + 5 = -3*n - 2*n, 2*n - 5*b = 29. Let d(p) = p**3 - 3 + 7*p**2 + 2*p - 3 + n. Let g be d(-6). Calculate the highest common divisor of g and 30.
10
Suppose -1 + 13 = 4*v. Suppose -4*k = -4*n + 364, -k - 12 = v*k. Suppose 4*z - 40 = 2*y, 3*z = -y - 0*y + 35. Calculate the greatest common divisor of z and n.
11
Let k be (-9)/72 + 194/16. Calculate the greatest common factor of 8 and k.
4
Suppose y + 0*y = 3, 66 = 2*w - 2*y. Suppose -j + w = -2*s, -5*j - 51 = 3*s - 192. Let d be (j/9 + -1)*3. What is the highest common divisor of d and 56?
7
Let a(c) = c**2 - 3*c + 8. Let v be a(4). What is the highest common divisor of v and 12?
12
Let i = 6 + 0. Calculate the highest common factor of i and 15.
3
Suppose 0 = j + j - 2*n - 196, -j = -2*n - 100. What is the greatest common divisor of j and 64?
32
Suppose 5*l - 35 = 4*z + 25, -4*z - 28 = -l. Let c be -32*(2/(-1))/1. What is the greatest common divisor of l and c?
8
Suppose k - 5*t = 70, -4*k + 5*k - 20 = -5*t. What is the greatest common divisor of 18 and k?
9
Let r(y) = 4*y**2 - y + 11. Let s be r(-5). Calculate the highest common divisor of s and 29.
29
Let a(g) = -2*g**3 - 2*g**2 + 5*g + 3. Let y be a(-3). Suppose -8 = 2*t - 3*t. Calculate the highest common factor of y and t.
8
Let z be (0 + -1)/(2/10). Let y be (-1 - 0)/(z/10). Calculate the highest common divisor of y and 14.
2
Let f = 155 + -89. Calculate the greatest common factor of f and 6.
6
Let b = 175 + -85. Let z(v) = -v - 1. Let q be z(-5). Suppose -q*y + 7*y + 105 = 3*a, -y = a - 37. What is the greatest common divisor of b and a?
18
Let w(x) = 0*x**2 - x**2 + 5*x**2. Let a be w(-1). Suppose -2*o - 4*s = -o - 8, a*s - 20 = -2*o. What is the greatest common divisor of o and 3?
3
Suppose 112 = 5*j + 4*d, 3*j - 51 = 5*d + 31. Calculate the highest common factor of j and 120.
24
Let y(t) = -6*t - 4. Let r be y(-4). Let k(h) = 4 + h + 5 + 7. Let b be k(-8). Calculate the highest common divisor of r and b.
4
Suppose y = -0 + 1. Let l(r) = 3*r**3 + r**2 - 2*r + 1. Let u be l(y). Suppose 4 = -s + u*s. Calculate the highest common factor of 4 and s.
2
Let h be 6/(-15) - 133/5. Let b be (-2)/(-9) - 318/h. Suppose -3*z - 72 = -6*z. What is the greatest common factor of z and b?
12
Suppose -2*p - 1 = -29. What is the greatest common divisor of p and 14?
14
Suppose -5*s + 1 + 9 = 0. Suppose 546 = 5*q + 4*y, s*y + 92 = q - 6. Let k = q + -36. Calculate the greatest common divisor of 10 and k.
10
Let a = 73 - 31. Let k be (1 + 0)*2*14. What is the greatest common factor of k and a?
14
Let p(w) = 2*w + 19. Let d be p(-9). What is the greatest common divisor of 4 and d?
1
Let n be (-3)/30*-6 + 994/10. Calculate the highest common divisor of 4 and n.
4
Let f be (-528)/(-18) - (-4)/6. What is the highest common divisor of 10 and f?
10
Suppose -r = 2*r - 360. Suppose 0*k = -2*k + r. Calculate the greatest common divisor of k and 24.
12
Let m(b) = -b**2 - 19*b - 28. Let i be m(-13). Let c(q) = q**2 - 2*q - 5. Let o be c(5). Calculate the highest common divisor of i and o.
10
Suppose -5*b + 36 + 104 = 0. Let z = b - 8. Calculate the highest common divisor of 4 and z.
4
Suppose 61*m + 64 = 63*m. Calculate the greatest common factor of 8 and m.
8
Let f be 3/(2 + (-6531)/3270). Let x be f/8 + (-1)/4. Let t = -76 + x. What is the highest common factor of t and 24?
12
Let i(p) = -p**3 + 8*p**2 - 2*p - 3. Let h(d) = -d**2 - 7*d - 5. Let z be h(-4). Let l be i(z). Calculate the greatest common divisor of 8 and l.
8
Suppose 2*y - 8 = 0, -2*r + 4*y - 28 = -6*r. Let b be 2/r - (-140)/6. What is the greatest common divisor of 36 and b?
12
Suppose 0 = -v - 1 + 5. Let d be 251/11 + v/22. Let c(t) = 13*t**2 + t - 4. Let l be c(-2). What is the highest common factor of d and l?
23
Suppose -3*a = a + 2*g - 54, 0 = 5*a - 2*g - 63. Suppose 5*b - 87 + 22 = 0. What is the highest common factor of b and a?
13
Let c(o) = 5*o**2 + 8*o + 1. Let u(v) = 6*v**2 + 9*v + 2. Let r(w) = 5*c(w) - 4*u(w). Let f be r(-6). What is the greatest common factor of f and 6?
3
Let s(t) = -t - 